{"id":64693,"date":"2019-02-06T15:01:54","date_gmt":"2019-02-06T14:01:54","guid":{"rendered":"https:\/\/prodotti.albaen.it\/?product=h03ck-s3"},"modified":"2024-04-22T09:41:50","modified_gmt":"2024-04-22T07:41:50","slug":"scarpa-alta-da-lavoro-h03ck-s3-nero","status":"publish","type":"product","link":"https:\/\/prodotti.albaen.it\/francais\/produit\/scarpa-alta-da-lavoro-h03ck-s3-nero\/","title":{"rendered":"Scarpa alta da lavoro H03CK S3 nero"},"content":{"rendered":"<p>Bottines de s\u00e9curit\u00e9, en cuir pleine fleur souple de haute qualit\u00e9. Les H03K sont des S3, hydrofuges, antistatiques, r\u00e9sistants et confortables.<\/p>","protected":false},"excerpt":{"rendered":"<p><strong>Tige:<\/strong>\u00a0Cuir pleine fleur, marron ou noir hydrofuge<br \/>\n<strong>Doublure:<\/strong>\u00a03D respirant<br \/>\n<strong>Embout:<\/strong>\u00a0Composite 200-J<br \/>\n<strong>Semelle de propret\u00e9:<\/strong> Respirant, antistatique et amovible<br \/>\n<strong>Semelle antiperforation:<\/strong>\u00a0Textile, non m\u00e9tallique<br \/>\n<strong>Semelle:<\/strong>\u00a0PU\/PU double-densit\u00e9 SRC<br \/>\n<strong>Pointure:<\/strong>\u00a037-47<br \/>\n<strong>Particuliers:<\/strong> Brodequin S3, SRC, 100% Amagn\u00e9tique<\/p>\n<p><img loading=\"lazy\" decoding=\"async\" class=\"alignnone wp-image-65423\" src=\"https:\/\/prodotti.albaen.it\/wp-content\/uploads\/Unknown7-1-300x50.png\" alt=\"\" width=\"276\" height=\"46\" srcset=\"https:\/\/prodotti.albaen.it\/wp-content\/uploads\/Unknown7-1-300x50.png 300w, https:\/\/prodotti.albaen.it\/wp-content\/uploads\/Unknown7-1-768x129.png 768w, https:\/\/prodotti.albaen.it\/wp-content\/uploads\/Unknown7-1-18x3.png 18w, https:\/\/prodotti.albaen.it\/wp-content\/uploads\/Unknown7-1-320x54.png 320w, https:\/\/prodotti.albaen.it\/wp-content\/uploads\/Unknown7-1-480x81.png 480w, https:\/\/prodotti.albaen.it\/wp-content\/uploads\/Unknown7-1.png 799w\" sizes=\"(max-width: 276px) 100vw, 276px\" \/><\/p>\n<h3><span style=\"color: #000000;\"><a style=\"color: #000000;\" href=\"https:\/\/albaen.it\/wp-content\/uploads\/H03K-S3-noir.fr_.pdf\">T\u00c9L\u00c9CHARGER LA FICHE TECHNIQUE<\/a><\/span><\/h3>","protected":false},"featured_media":65121,"comment_status":"closed","ping_status":"closed","template":"","meta":[],"product_cat":[8275],"product_tag":[],"yoast_head":"<!-- This site is optimized with the Yoast SEO Premium plugin v15.0 - https:\/\/yoast.com\/wordpress\/plugins\/seo\/ -->\n<title>Scarpa alta da lavoro H03CK S3 nero - Albaen Safety Shoes<\/title>\n<meta name=\"description\" content=\"Stivaletti di sicurezza, in morbida pelle fiore di alta qualit\u00e0. Gli H03K sono S3, idrorepellenti, antistatici, resistenti e comodi.\" \/>\n<meta name=\"robots\" content=\"index, follow, max-snippet:-1, max-image-preview:large, max-video-preview:-1\" \/>\n<link rel=\"canonical\" href=\"https:\/\/prodotti.albaen.it\/francais\/produit\/scarpa-alta-da-lavoro-h03ck-s3-nero\/\" \/>\n<meta property=\"og:locale\" content=\"fr_FR\" \/>\n<meta property=\"og:type\" content=\"article\" \/>\n<meta property=\"og:title\" content=\"Scarpa alta da lavoro H03CK S3 nero - Albaen Safety Shoes\" \/>\n<meta property=\"og:description\" content=\"Stivaletti di sicurezza, in morbida pelle fiore di alta qualit\u00e0. Gli H03K sono S3, idrorepellenti, antistatici, resistenti e comodi.\" \/>\n<meta property=\"og:url\" content=\"https:\/\/prodotti.albaen.it\/francais\/produit\/scarpa-alta-da-lavoro-h03ck-s3-nero\/\" \/>\n<meta property=\"og:site_name\" content=\"Alba&amp;N. - Produttori di Scarpe Antinfortunistiche\" \/>\n<meta property=\"article:publisher\" content=\"https:\/\/www.facebook.com\/AlbaenShoes\/\" \/>\n<meta property=\"article:modified_time\" content=\"2024-04-22T07:41:50+00:00\" \/>\n<meta property=\"og:image\" content=\"https:\/\/prodotti.albaen.it\/wp-content\/uploads\/photo_2020-12-23_17-08-59.jpg\" \/>\n\t<meta property=\"og:image:width\" content=\"800\" \/>\n\t<meta property=\"og:image:height\" content=\"800\" \/>\n<meta name=\"twitter:card\" content=\"summary_large_image\" \/>\n<script type=\"application\/ld+json\" class=\"yoast-schema-graph\">{\"@context\":\"https:\/\/schema.org\",\"@graph\":[{\"@type\":\"Organization\",\"@id\":\"https:\/\/prodotti.albaen.it\/francais\/#organization\",\"name\":\"Alba&N\",\"url\":\"https:\/\/prodotti.albaen.it\/francais\/\",\"sameAs\":[\"https:\/\/www.facebook.com\/AlbaenShoes\/\"],\"logo\":{\"@type\":\"ImageObject\",\"@id\":\"https:\/\/prodotti.albaen.it\/francais\/#logo\",\"inLanguage\":\"fr-FR\",\"url\":\"https:\/\/prodotti.albaen.it\/wp-content\/uploads\/2019\/01\/logo1-1.png\",\"width\":269,\"height\":98,\"caption\":\"Alba&N\"},\"image\":{\"@id\":\"https:\/\/prodotti.albaen.it\/francais\/#logo\"}},{\"@type\":\"WebSite\",\"@id\":\"https:\/\/prodotti.albaen.it\/francais\/#website\",\"url\":\"https:\/\/prodotti.albaen.it\/francais\/\",\"name\":\"Alba&N - Produttori di Scarpe Antinfortunistiche\",\"description\":\"Leader Mondiali nella produzione di Scarpe Antinfortunistiche\",\"publisher\":{\"@id\":\"https:\/\/prodotti.albaen.it\/francais\/#organization\"},\"potentialAction\":[{\"@type\":\"SearchAction\",\"target\":\"https:\/\/prodotti.albaen.it\/francais\/?s={search_term_string}\",\"query-input\":\"required name=search_term_string\"}],\"inLanguage\":\"fr-FR\"},{\"@type\":\"ImageObject\",\"@id\":\"https:\/\/prodotti.albaen.it\/prodotto\/scarpa-alta-da-lavoro-h03ck-s3-nero\/#primaryimage\",\"inLanguage\":\"fr-FR\",\"url\":\"https:\/\/prodotti.albaen.it\/wp-content\/uploads\/photo_2020-12-23_17-08-59.jpg\",\"width\":800,\"height\":800},{\"@type\":\"WebPage\",\"@id\":\"https:\/\/prodotti.albaen.it\/prodotto\/scarpa-alta-da-lavoro-h03ck-s3-nero\/#webpage\",\"url\":\"https:\/\/prodotti.albaen.it\/prodotto\/scarpa-alta-da-lavoro-h03ck-s3-nero\/\",\"name\":\"Scarpa alta da lavoro H03CK S3 nero - Albaen Safety Shoes\",\"isPartOf\":{\"@id\":\"https:\/\/prodotti.albaen.it\/francais\/#website\"},\"primaryImageOfPage\":{\"@id\":\"https:\/\/prodotti.albaen.it\/prodotto\/scarpa-alta-da-lavoro-h03ck-s3-nero\/#primaryimage\"},\"datePublished\":\"2019-02-06T14:01:54+00:00\",\"dateModified\":\"2024-04-22T07:41:50+00:00\",\"description\":\"Stivaletti di sicurezza, in morbida pelle fiore di alta qualit\\u00e0. Gli H03K sono S3, idrorepellenti, antistatici, resistenti e comodi.\",\"inLanguage\":\"fr-FR\",\"potentialAction\":[{\"@type\":\"ReadAction\",\"target\":[\"https:\/\/prodotti.albaen.it\/prodotto\/scarpa-alta-da-lavoro-h03ck-s3-nero\/\"]}]}]}<\/script>\n<!-- \/ Yoast SEO Premium plugin. -->","_links":{"self":[{"href":"https:\/\/prodotti.albaen.it\/francais\/wp-json\/wp\/v2\/product\/64693"}],"collection":[{"href":"https:\/\/prodotti.albaen.it\/francais\/wp-json\/wp\/v2\/product"}],"about":[{"href":"https:\/\/prodotti.albaen.it\/francais\/wp-json\/wp\/v2\/types\/product"}],"replies":[{"embeddable":true,"href":"https:\/\/prodotti.albaen.it\/francais\/wp-json\/wp\/v2\/comments?post=64693"}],"wp:featuredmedia":[{"embeddable":true,"href":"https:\/\/prodotti.albaen.it\/francais\/wp-json\/wp\/v2\/media\/65121"}],"wp:attachment":[{"href":"https:\/\/prodotti.albaen.it\/francais\/wp-json\/wp\/v2\/media?parent=64693"}],"wp:term":[{"taxonomy":"product_cat","embeddable":true,"href":"https:\/\/prodotti.albaen.it\/francais\/wp-json\/wp\/v2\/product_cat?post=64693"},{"taxonomy":"product_tag","embeddable":true,"href":"https:\/\/prodotti.albaen.it\/francais\/wp-json\/wp\/v2\/product_tag?post=64693"}],"curies":[{"name":"wp","href":"https:\/\/api.w.org\/{rel}","templated":true}]}}