{"id":65882,"date":"2024-04-24T12:15:52","date_gmt":"2024-04-24T10:15:52","guid":{"rendered":"https:\/\/prodotti.albaen.it\/?post_type=product&#038;p=65882"},"modified":"2024-06-26T11:13:17","modified_gmt":"2024-06-26T09:13:17","slug":"stivale-polpaccio-g-bari-s3-wr-hro-src","status":"publish","type":"product","link":"https:\/\/prodotti.albaen.it\/francais\/produit\/stivale-polpaccio-g-bari-s3-wr-hro-src\/","title":{"rendered":"BARI S3 WR HRO SRC"},"content":{"rendered":"<div class=\"vc_row wpb_row vc_row-fluid\"><div class=\"wpb_column vc_column_container vc_col-sm-6\"><div class=\"vc_column-inner\"><div class=\"wpb_wrapper\">\n\t<div class=\"wpb_text_column wpb_content_element\" >\n\t\t<div class=\"wpb_wrapper\">\n\t\t\t<p>Botte de s\u00e9curit\u00e9 G-BARI S3 WR HRO SRC BLACK de la ligne RUBBER d\u2019Alba&amp;n.<strong>.<\/strong><\/p>\n<p><strong>TIGE<\/strong> en cuir pleine fleur hydrofuge avec languette et col en tissu Cordura\u00ae, solide et r\u00e9sistant.<\/p>\n<p><strong>DOUBLURE<\/strong> Membrane 100% imperm\u00e9able Windtex\u00ae, hautement respirante avec action coupe-vent. De plus, elle garantit un maintien optimal du microclimat \u00e0 l'int\u00e9rieur de la chaussure.<\/p>\n<p><strong>SCHUTZKAPPE<\/strong> m\u00e9tallique, r\u00e9sistant aux chocs jusqu'\u00e0 200 joules et \u00e0 la compression jusqu'\u00e0 15Kn.<\/p>\n<p><strong>SEMELLE ANTI-PERFORATION<\/strong> en acier inoxydable r\u00e9sistante \u00e0 la perforation jusqu'\u00e0 1100N.<\/p>\n<p><strong>SEMELLE <\/strong>PU\/HRO, double densit\u00e9, r\u00e9sistant \u00e0 la chaleur par contact jusqu\u2019\u00e0 300\u00b0C (1 minute) et 150\u00b0C (30 minutes), antistatique, antid\u00e9rapant SRC, r\u00e9sistant \u00e0 l\u2019huile et aux hydrocarbures, absorption des chocs au niveau du talon.<\/p>\n<p><strong>TRETEN <\/strong>Bande de roulement avec canaux de drainage autonettoyants. \nConvient aux travaux routiers et ext\u00e9rieurs qui n\u00e9cessitent solidit\u00e9 et s\u00e9curit\u00e9.<br \/>\n<strong><br \/>\n<\/strong><strong>SEMELLE INT\u00c9RIEURE <\/strong>anatomique ELISA avec rev\u00eatement en tissu respirant et anti-abrasion. Base en polyur\u00e9thane \u00e9lastique et absorbant les chocs et amortisseur coussin\u00e9 confortable sur le talon pour une absorption des chocs avec un effet anti-fatigue. Respirant, antistatique, amovible et lavable.<\/p>\n<p><strong>AJUSTEMENT<\/strong> Mondopoint 10,5 \u2013 chaussant r\u00e9gulier et confortable.<\/p>\n<p><strong>WR<\/strong> Chaussures totalement r\u00e9sistantes \u00e0 la p\u00e9n\u00e9tration et \u00e0 l\u2019absorption d\u2019eau.<\/p>\n<p><strong>HRO<\/strong> R\u00e9sistance de la semelle \u00e0 la chaleur.<\/p>\n<p><strong>POIDS <\/strong>850g 1 pied 42<\/p>\n\n\t\t<\/div>\n\t<\/div>\n<\/div><\/div><\/div><div class=\"wpb_column vc_column_container vc_col-sm-6\"><div class=\"vc_column-inner\"><div class=\"wpb_wrapper\">\n\t<div class=\"wpb_text_column wpb_content_element\" >\n\t\t<div class=\"wpb_wrapper\">\n\t\t\t<p>Con\u00e7ue pour les travaux intenses, la semelle de la G-BARI est en caoutchouc nitrile HRO, une caract\u00e9ristique qui garantit une r\u00e9sistance totale \u00e0 la chaleur jusqu\u2019\u00e0 300\u00b0C pendant 1 minute en contact avec le sol, sans compromettre l\u2019antistatique, la r\u00e9sistance au glissement et la r\u00e9sistance aux hydrocarbures. La semelle interm\u00e9diaire est inject\u00e9e de PU, un mat\u00e9riau \u00e9lastique et absorbant les chocs.<\/p>\n<p><strong>PLUS TECHNIQUE:<\/strong> la semelle est dot\u00e9e d\u2019un surembout de protection en PU.<br \/>\nStabilit\u00e9, robustesse, r\u00e9sistance. Ce ne sont que quelques-uns des adjectifs qui d\u00e9crivent au mieux notre SEMELLE RUBBER.<br \/>\nProtection totale, m\u00eame sous la pluie, avec la bottine de s\u00e9curit\u00e9 G-BARI d'Alba&amp;n.<\/p>\n\n\t\t<\/div>\n\t<\/div>\n<div class=\"icons_cat_title\"> <h2>Cat\u00e9gories de protection <\/h2><\/div><div class=\"container row\"> \n\t\t\t<div>\n  <ul class=\"image-gallery\"><li style=\"float: left;\">  <img decoding=\"async\" src=\"https:\/\/prodotti.albaen.it\/wp-content\/uploads\/simboletti-06.png\"  alt=\"Antistatique\" style=\"height:110px;\"\/> <span class=\"products_icons products_icons1\">Antistatique<\/span> <\/li><li style=\"float: left;\">  <img decoding=\"async\" src=\"https:\/\/prodotti.albaen.it\/wp-content\/uploads\/simboletti-07.png\"  alt=\"Absorption d&#039;\u00e9nergie dans le talon\" style=\"height:110px;\"\/> <span class=\"products_icons products_icons1\">Absorption d'\u00e9nergie dans le talon<\/span> <\/li><li style=\"float: left;\">  <img decoding=\"async\" src=\"https:\/\/prodotti.albaen.it\/wp-content\/uploads\/simboletti-08.png\"  alt=\"Insert anti-crevaison, r\u00e9sistant \u00e0 la perforation \u00d8=4,5mm\" style=\"height:110px;\"\/> <span class=\"products_icons products_icons1\">Insert anti-crevaison, r\u00e9sistant \u00e0 la perforation \u00d8=4,5mm<\/span> <\/li><li style=\"float: left;\">  <img decoding=\"async\" src=\"https:\/\/prodotti.albaen.it\/wp-content\/uploads\/simboletti-22.png\"  alt=\"R\u00e9sistance aux chocs et \u00e0 la compression\" style=\"height:110px;\"\/> <span class=\"products_icons products_icons1\">R\u00e9sistance aux chocs et \u00e0 la compression<\/span> <\/li><li style=\"float: left;\">  <img decoding=\"async\" src=\"https:\/\/prodotti.albaen.it\/wp-content\/uploads\/simboletti-11.png\"  alt=\"R\u00e9sistance au glissement\" style=\"height:110px;\"\/> <span class=\"products_icons products_icons1\">R\u00e9sistance au glissement<\/span> <\/li><li style=\"float: left;\">  <img decoding=\"async\" src=\"https:\/\/prodotti.albaen.it\/wp-content\/uploads\/simboletti-04.png\"  alt=\"Semelle r\u00e9sistante aux huiles et aux hydrocarbures\" style=\"height:110px;\"\/> <span class=\"products_icons products_icons1\">Semelle r\u00e9sistante aux huiles et aux hydrocarbures<\/span> <\/li><li style=\"float: left;\">  <img decoding=\"async\" src=\"https:\/\/prodotti.albaen.it\/wp-content\/uploads\/simboletti-05.png\"  alt=\"Semelle r\u00e9sistante \u00e0 la chaleur pour un contact jusqu&#039;\u00e0 300\u00b0C\" style=\"height:110px;\"\/> <span class=\"products_icons products_icons1\">Semelle r\u00e9sistante \u00e0 la chaleur pour un contact jusqu'\u00e0 300\u00b0C<\/span> <\/li><li style=\"float: left;\">  <img decoding=\"async\" src=\"https:\/\/prodotti.albaen.it\/wp-content\/uploads\/simboletti-03.png\"  alt=\"R\u00e9sistant \u00e0 l&#039;eau 100% \u00e9tanche\" style=\"height:110px;\"\/> <span class=\"products_icons products_icons1\">R\u00e9sistant \u00e0 l'eau 100% \u00e9tanche<\/span> <\/li><\/ul>\n<\/div><\/div>\n\t<div class=\"wpb_text_column wpb_content_element\" >\n\t\t<div class=\"wpb_wrapper\">\n\t\t\t\n\n\t\t<\/div>\n\t<\/div>\n<div class=\"icons_cat_title\"> <h2>Secteurs d'utilisation <\/h2><\/div><div class=\"container row\"> \n\t\t\t<div>\n  <ul class=\"image-gallery\"><li style=\"float: left;\"> <img decoding=\"async\" src=\"https:\/\/prodotti.albaen.it\/wp-content\/uploads\/Edilizia-e-Carpenteria-1.png\" alt=\"Construction et Menuiserie\" style=\"height:60px;\"\/>  <span class=\"products_icons\">Construction et Menuiserie<\/span> <\/li><li style=\"float: left;\"> <img decoding=\"async\" src=\"https:\/\/prodotti.albaen.it\/wp-content\/uploads\/Industria-Metalmeccanica-1.png\" alt=\"Industrie M\u00e9tallurgique\" style=\"height:60px;\"\/>  <span class=\"products_icons\">Industrie M\u00e9tallurgique<\/span> <\/li><li style=\"float: left;\"> <img decoding=\"async\" src=\"https:\/\/prodotti.albaen.it\/wp-content\/uploads\/Miniere-_-Estrazione-1.png\" alt=\"Exploitation mini\u00e8re\/extraction de pierre\" style=\"height:60px;\"\/>  <span class=\"products_icons\">Exploitation mini\u00e8re\/extraction de pierre<\/span> <\/li><li style=\"float: left;\"> <img decoding=\"async\" src=\"https:\/\/prodotti.albaen.it\/wp-content\/uploads\/Industria-Pesante-1.png\" alt=\"Industrie lourde\" style=\"height:60px;\"\/>  <span class=\"products_icons\">Industrie lourde<\/span> <\/li><\/ul>\n<\/div><\/div>\n\t<div class=\"wpb_text_column wpb_content_element\" >\n\t\t<div class=\"wpb_wrapper\">\n\t\t\t\n\n\t\t<\/div>\n\t<\/div>\n<div class=\"icons_cat_title\"> <h2>La technologie <\/h2><\/div><div class=\"container row\"> \n\t\t\t<div>\n  <ul class=\"image-gallery\"><li style=\"float: left;\"><img decoding=\"async\" src=\"https:\/\/prodotti.albaen.it\/wp-content\/uploads\/WINDTEX.png\"  alt=\"Membrane WR Windtex\u00ae\" style=\"height:60px;\"\/><span class=\"products_icons\">Membrane WR Windtex\u00ae<\/span><\/li><\/ul>\n<\/div><\/div>\n\t<div class=\"wpb_text_column wpb_content_element\" >\n\t\t<div class=\"wpb_wrapper\">\n\t\t\t<p><strong><\/strong><\/p>\n\n\t\t<\/div>\n\t<\/div>\n<\/div><\/div><\/div><\/div>","protected":false},"excerpt":{"rendered":"<p>Choisissez la bottine de s\u00e9curit\u00e9 G-Bari S3 WR SRC HRO de la ligne RUBBER, fabriqu\u00e9e \u00e0 partir de mati\u00e8res premi\u00e8res de haute qualit\u00e9 pour garantir durabilit\u00e9 et performance m\u00eame dans des conditions extr\u00eames!<br \/>\nDot\u00e9 d\u2019une membrane Windtex\u00ae sp\u00e9ciale imperm\u00e9able et respirante, il assure une protection maximale m\u00eame les jours les plus humides et les plus pluvieux.<\/p>\n<p>Le choix s\u00fbr pour relever tous les d\u00e9fis au travail.<\/p>\n<p><a href=\"https:\/\/prodotti.albaen.it\/wp-content\/uploads\/G-BARI-S3-WR-HRO.fr_-1.pdf\"><button class=\"btn1\">T\u00c9L\u00c9CHARGEZ LA FICHE TECHNIQUE<\/button><\/a>\u00a0 \u00a0<a href=\"https:\/\/prodotti.albaen.it\/wp-content\/uploads\/GBARI-S3-WR-Dichiarazione-conformita.pdf\"><button><span style=\"vertical-align: inherit;\">D\u00c9CLARATION DE CONFORMIT\u00c9<\/span><\/button><\/a><\/p>","protected":false},"featured_media":65889,"comment_status":"closed","ping_status":"closed","template":"","meta":[],"product_cat":[8288,8292],"product_tag":[],"yoast_head":"<!-- This site is optimized with the Yoast SEO Premium plugin v15.0 - https:\/\/yoast.com\/wordpress\/plugins\/seo\/ -->\n<title>Stivale antinfortunistico al polpaccio G-BARI S3 WR HRO SRC Alba&amp;n<\/title>\n<meta name=\"description\" content=\"Scegli la sicurezza e il comfort senza compromessi con lo stivale antinfortunistico alto al polpaccio G-BARI della linea RUBBER, Alba&amp;n.\" \/>\n<meta name=\"robots\" content=\"index, follow, max-snippet:-1, max-image-preview:large, max-video-preview:-1\" \/>\n<link rel=\"canonical\" href=\"https:\/\/prodotti.albaen.it\/francais\/produit\/stivale-polpaccio-g-bari-s3-wr-hro-src\/\" \/>\n<meta property=\"og:locale\" content=\"fr_FR\" \/>\n<meta property=\"og:type\" content=\"article\" \/>\n<meta property=\"og:title\" content=\"Stivale antinfortunistico al polpaccio G-BARI S3 WR HRO SRC Alba&amp;n\" \/>\n<meta property=\"og:description\" content=\"Scegli la sicurezza e il comfort senza compromessi con lo stivale antinfortunistico alto al polpaccio G-BARI della linea RUBBER, Alba&amp;n.\" \/>\n<meta property=\"og:url\" content=\"https:\/\/prodotti.albaen.it\/francais\/produit\/stivale-polpaccio-g-bari-s3-wr-hro-src\/\" \/>\n<meta property=\"og:site_name\" content=\"Alba&amp;N. - Produttori di Scarpe Antinfortunistiche\" \/>\n<meta property=\"article:publisher\" content=\"https:\/\/www.facebook.com\/AlbaenShoes\/\" \/>\n<meta property=\"article:modified_time\" content=\"2024-06-26T09:13:17+00:00\" \/>\n<meta property=\"og:image\" content=\"https:\/\/prodotti.albaen.it\/wp-content\/uploads\/G-BARI_51_1.jpg\" \/>\n\t<meta property=\"og:image:width\" content=\"1000\" \/>\n\t<meta property=\"og:image:height\" content=\"1000\" \/>\n<meta name=\"twitter:card\" content=\"summary_large_image\" \/>\n<script type=\"application\/ld+json\" class=\"yoast-schema-graph\">{\"@context\":\"https:\/\/schema.org\",\"@graph\":[{\"@type\":\"Organization\",\"@id\":\"https:\/\/prodotti.albaen.it\/francais\/#organization\",\"name\":\"Alba&N\",\"url\":\"https:\/\/prodotti.albaen.it\/francais\/\",\"sameAs\":[\"https:\/\/www.facebook.com\/AlbaenShoes\/\"],\"logo\":{\"@type\":\"ImageObject\",\"@id\":\"https:\/\/prodotti.albaen.it\/francais\/#logo\",\"inLanguage\":\"fr-FR\",\"url\":\"https:\/\/prodotti.albaen.it\/wp-content\/uploads\/2019\/01\/logo1-1.png\",\"width\":269,\"height\":98,\"caption\":\"Alba&N\"},\"image\":{\"@id\":\"https:\/\/prodotti.albaen.it\/francais\/#logo\"}},{\"@type\":\"WebSite\",\"@id\":\"https:\/\/prodotti.albaen.it\/francais\/#website\",\"url\":\"https:\/\/prodotti.albaen.it\/francais\/\",\"name\":\"Alba&N - Produttori di Scarpe Antinfortunistiche\",\"description\":\"Leader Mondiali nella produzione di Scarpe Antinfortunistiche\",\"publisher\":{\"@id\":\"https:\/\/prodotti.albaen.it\/francais\/#organization\"},\"potentialAction\":[{\"@type\":\"SearchAction\",\"target\":\"https:\/\/prodotti.albaen.it\/francais\/?s={search_term_string}\",\"query-input\":\"required name=search_term_string\"}],\"inLanguage\":\"fr-FR\"},{\"@type\":\"ImageObject\",\"@id\":\"https:\/\/prodotti.albaen.it\/prodotto\/stivale-polpaccio-g-bari-s3-wr-hro-src\/#primaryimage\",\"inLanguage\":\"fr-FR\",\"url\":\"https:\/\/prodotti.albaen.it\/wp-content\/uploads\/G-BARI_51_1.jpg\",\"width\":1000,\"height\":1000,\"caption\":\"Stivale antinfortunistico alto al polpaccio\"},{\"@type\":\"WebPage\",\"@id\":\"https:\/\/prodotti.albaen.it\/prodotto\/stivale-polpaccio-g-bari-s3-wr-hro-src\/#webpage\",\"url\":\"https:\/\/prodotti.albaen.it\/prodotto\/stivale-polpaccio-g-bari-s3-wr-hro-src\/\",\"name\":\"Stivale antinfortunistico al polpaccio G-BARI S3 WR HRO SRC Alba&n\",\"isPartOf\":{\"@id\":\"https:\/\/prodotti.albaen.it\/francais\/#website\"},\"primaryImageOfPage\":{\"@id\":\"https:\/\/prodotti.albaen.it\/prodotto\/stivale-polpaccio-g-bari-s3-wr-hro-src\/#primaryimage\"},\"datePublished\":\"2024-04-24T10:15:52+00:00\",\"dateModified\":\"2024-06-26T09:13:17+00:00\",\"description\":\"Scegli la sicurezza e il comfort senza compromessi con lo stivale antinfortunistico alto al polpaccio G-BARI della linea RUBBER, Alba&n.\",\"inLanguage\":\"fr-FR\",\"potentialAction\":[{\"@type\":\"ReadAction\",\"target\":[\"https:\/\/prodotti.albaen.it\/prodotto\/stivale-polpaccio-g-bari-s3-wr-hro-src\/\"]}]}]}<\/script>\n<!-- \/ Yoast SEO Premium plugin. -->","_links":{"self":[{"href":"https:\/\/prodotti.albaen.it\/francais\/wp-json\/wp\/v2\/product\/65882"}],"collection":[{"href":"https:\/\/prodotti.albaen.it\/francais\/wp-json\/wp\/v2\/product"}],"about":[{"href":"https:\/\/prodotti.albaen.it\/francais\/wp-json\/wp\/v2\/types\/product"}],"replies":[{"embeddable":true,"href":"https:\/\/prodotti.albaen.it\/francais\/wp-json\/wp\/v2\/comments?post=65882"}],"wp:featuredmedia":[{"embeddable":true,"href":"https:\/\/prodotti.albaen.it\/francais\/wp-json\/wp\/v2\/media\/65889"}],"wp:attachment":[{"href":"https:\/\/prodotti.albaen.it\/francais\/wp-json\/wp\/v2\/media?parent=65882"}],"wp:term":[{"taxonomy":"product_cat","embeddable":true,"href":"https:\/\/prodotti.albaen.it\/francais\/wp-json\/wp\/v2\/product_cat?post=65882"},{"taxonomy":"product_tag","embeddable":true,"href":"https:\/\/prodotti.albaen.it\/francais\/wp-json\/wp\/v2\/product_tag?post=65882"}],"curies":[{"name":"wp","href":"https:\/\/api.w.org\/{rel}","templated":true}]}}